{"id":34,"date":"2022-01-19T15:28:25","date_gmt":"2022-01-19T14:28:25","guid":{"rendered":"https:\/\/www.coaching-scheler.de\/wordpress\/?page_id=34"},"modified":"2022-02-17T18:50:58","modified_gmt":"2022-02-17T17:50:58","slug":"business-coaching","status":"publish","type":"page","link":"https:\/\/www.coaching-scheler.de\/wordpress\/business-coaching\/","title":{"rendered":"Business Coaching"},"content":{"rendered":"\n<p class=\"has-medium-font-size\">Eine Idee in ein solides Unternehmen zu verwandeln braucht Zeit. Ein Fluss ist eine gute Metapher: aus einer Quelle sprudeln die Ideen. Sie verwandeln sich in einen Strom aus Strukturen und Entscheidungen, die auch die Umgebung umgestalten k\u00f6nnen. Hier und da kommt es zu Stromschnellen, die es zu meistern gilt. Der Strom und das Unternehmen werden beide geboren aus kleinen Quellen, um gr\u00f6\u00dfer und kraftvoller zu werden.<\/p>\n\n\n\n<p class=\"has-medium-font-size\">Eine Gr\u00fcndung stellt f\u00fcr Sie eine neue Herausforderung dar? Sie sprudeln vor Ideen und wissen nicht so richtig, wie sie diese umsetzen k\u00f6nnen?<\/p>\n\n\n\n<p class=\"has-medium-font-size\">Eine Gr\u00fcndung ist eine neue berufliche Situation: ganz selbst bestimmt entscheiden Sie \u00fcber Ihre n\u00e4chsten Aktivit\u00e4ten, behalten den \u00dcberblick \u00fcber Ihre vielf\u00e4ltigen neuen Aufgaben. Zusammen schauen wir Ihre Ideen an. Wir pr\u00fcfen, ob diese tats\u00e4chlich umgesetzt werden k\u00f6nnen und welche Voraussetzungen hieran gekn\u00fcpft sind. Aus Erfahrung wei\u00df ich, dass hier zun\u00e4chst pers\u00f6nlich Stimmigkeit herrschen sollte und dann nach den b\u00fcrokratischen Gegebenheiten geschaut werden muss. In der Gr\u00fcndungsvorbereitung liegt es mir am Herzen, dass Sie mit Ihrer Pers\u00f6nlichkeit, Ihren Erfahrungen, momentanen M\u00f6glichkeiten und famili\u00e4rer Situation im Mittelpunkt stehen. Wir schauen auf Ihre kurz-, mittel- sowie langfristigen Ziele und entwerfen einen kleinschrittigen Aufgabenplan. Damit wird Ihre Gr\u00fcndung ein ganz individueller Karriere\u00fcbergang und tr\u00e4gt zu Ihrer Selbstverwirklichung bei.<\/p>\n\n\n\n<p class=\"has-medium-font-size\">Individuelle Beratung zu:<\/p>\n\n\n\n<ul class=\"has-medium-font-size wp-block-list\"><li>beruflichem und pers\u00f6nlichem Wachstum \/ Weiterentwicklung \/ Selbstwirksamkeit<\/li><li>Schritte in die Selbstst\u00e4ndigkeit (haupt- oder nebenberuflich)<\/li><li>Informationen \u00fcber diverse Existenzgr\u00fcndungshilfen<\/li><li>Inhalte des Businessplans (Executive Summary, Ideenbeschreibung, Zielgruppen-, Markt-, Konkurrenzanalyse, Rechtsformen, Standortanalyse, Marketing-Mix, Unternehmensorganisation, Chancen und Risiken, Finanzplanung)<\/li><li>m\u00f6glichen Finanzierungsm\u00f6glichkeiten<\/li><li>notwendigen Formalit\u00e4ten<\/li><li>n\u00f6tigen Versicherungen<\/li><li>kaufm\u00e4nnischem Wissen und Steuern<\/li><\/ul>\n\n\n\n<p class=\"has-medium-font-size\">Finden Sie heraus, ob es (endlich) Zeit f\u00fcr eine Gr\u00fcndung ist!<\/p>\n","protected":false},"excerpt":{"rendered":"<p>Eine Idee in ein solides Unternehmen zu verwandeln braucht Zeit. Ein Fluss ist eine gute Metapher: aus einer Quelle sprudeln die Ideen. Sie verwandeln sich in einen Strom aus Strukturen und Entscheidungen, die auch die Umgebung umgestalten k\u00f6nnen. Hier und da kommt es zu Stromschnellen, die es zu meistern gilt. Der Strom und das Unternehmen <a class=\"read-more\" href=\"https:\/\/www.coaching-scheler.de\/wordpress\/business-coaching\/\">READ MORE<\/a><\/p>\n","protected":false},"author":1,"featured_media":35,"parent":0,"menu_order":0,"comment_status":"closed","ping_status":"closed","template":"","meta":{"footnotes":""},"class_list":["post-34","page","type-page","status-publish","has-post-thumbnail","hentry"],"yoast_head":"<!-- This site is optimized with the Yoast SEO plugin v18.1 - https:\/\/yoast.com\/wordpress\/plugins\/seo\/ -->\n<title>Business Coaching - Daniela Scheler<\/title>\n<meta name=\"description\" content=\"Nutzen Sie eine Gr\u00fcndungsberatung! Denn &quot;sich selbstst\u00e4ndig machen&quot; ist ein ganz spezieller Karriere\u00fcbergang, der zu Ihrer Selbstverwirklichung beitr\u00e4gt und viele kleine Schritte ben\u00f6tigt.\" \/>\n<meta name=\"robots\" content=\"index, follow, max-snippet:-1, max-image-preview:large, max-video-preview:-1\" \/>\n<link rel=\"canonical\" href=\"https:\/\/www.coaching-scheler.de\/wordpress\/business-coaching\/\" \/>\n<meta property=\"og:locale\" content=\"de_DE\" \/>\n<meta property=\"og:type\" content=\"article\" \/>\n<meta property=\"og:title\" content=\"Business Coaching - Daniela Scheler\" \/>\n<meta property=\"og:description\" content=\"Nutzen Sie eine Gr\u00fcndungsberatung! Denn &quot;sich selbstst\u00e4ndig machen&quot; ist ein ganz spezieller Karriere\u00fcbergang, der zu Ihrer Selbstverwirklichung beitr\u00e4gt und viele kleine Schritte ben\u00f6tigt.\" \/>\n<meta property=\"og:url\" content=\"https:\/\/www.coaching-scheler.de\/wordpress\/business-coaching\/\" \/>\n<meta property=\"og:site_name\" content=\"Daniela Scheler\" \/>\n<meta property=\"article:modified_time\" content=\"2022-02-17T17:50:58+00:00\" \/>\n<meta property=\"og:image\" content=\"https:\/\/www.coaching-scheler.de\/wordpress\/wp-content\/uploads\/2022\/01\/IMG_9997-scaled.jpg\" \/>\n\t<meta property=\"og:image:width\" content=\"2560\" \/>\n\t<meta property=\"og:image:height\" content=\"1920\" \/>\n\t<meta property=\"og:image:type\" content=\"image\/jpeg\" \/>\n<meta name=\"twitter:card\" content=\"summary_large_image\" \/>\n<meta name=\"twitter:label1\" content=\"Gesch\u00e4tzte Lesezeit\" \/>\n\t<meta name=\"twitter:data1\" content=\"2\u00a0Minuten\" \/>\n<script type=\"application\/ld+json\" class=\"yoast-schema-graph\">{\"@context\":\"https:\/\/schema.org\",\"@graph\":[{\"@type\":\"WebSite\",\"@id\":\"https:\/\/www.coaching-scheler.de\/wordpress\/#website\",\"url\":\"https:\/\/www.coaching-scheler.de\/wordpress\/\",\"name\":\"Daniela Scheler\",\"description\":\"Business und Personal Coaching\",\"potentialAction\":[{\"@type\":\"SearchAction\",\"target\":{\"@type\":\"EntryPoint\",\"urlTemplate\":\"https:\/\/www.coaching-scheler.de\/wordpress\/?s={search_term_string}\"},\"query-input\":\"required name=search_term_string\"}],\"inLanguage\":\"de\"},{\"@type\":\"ImageObject\",\"@id\":\"https:\/\/www.coaching-scheler.de\/wordpress\/business-coaching\/#primaryimage\",\"inLanguage\":\"de\",\"url\":\"https:\/\/www.coaching-scheler.de\/wordpress\/wp-content\/uploads\/2022\/01\/IMG_9997-scaled.jpg\",\"contentUrl\":\"https:\/\/www.coaching-scheler.de\/wordpress\/wp-content\/uploads\/2022\/01\/IMG_9997-scaled.jpg\",\"width\":2560,\"height\":1920},{\"@type\":\"WebPage\",\"@id\":\"https:\/\/www.coaching-scheler.de\/wordpress\/business-coaching\/#webpage\",\"url\":\"https:\/\/www.coaching-scheler.de\/wordpress\/business-coaching\/\",\"name\":\"Business Coaching - Daniela Scheler\",\"isPartOf\":{\"@id\":\"https:\/\/www.coaching-scheler.de\/wordpress\/#website\"},\"primaryImageOfPage\":{\"@id\":\"https:\/\/www.coaching-scheler.de\/wordpress\/business-coaching\/#primaryimage\"},\"datePublished\":\"2022-01-19T14:28:25+00:00\",\"dateModified\":\"2022-02-17T17:50:58+00:00\",\"description\":\"Nutzen Sie eine Gr\u00fcndungsberatung! Denn \\\"sich selbstst\u00e4ndig machen\\\" ist ein ganz spezieller Karriere\u00fcbergang, der zu Ihrer Selbstverwirklichung beitr\u00e4gt und viele kleine Schritte ben\u00f6tigt.\",\"breadcrumb\":{\"@id\":\"https:\/\/www.coaching-scheler.de\/wordpress\/business-coaching\/#breadcrumb\"},\"inLanguage\":\"de\",\"potentialAction\":[{\"@type\":\"ReadAction\",\"target\":[\"https:\/\/www.coaching-scheler.de\/wordpress\/business-coaching\/\"]}]},{\"@type\":\"BreadcrumbList\",\"@id\":\"https:\/\/www.coaching-scheler.de\/wordpress\/business-coaching\/#breadcrumb\",\"itemListElement\":[{\"@type\":\"ListItem\",\"position\":1,\"name\":\"Startseite\",\"item\":\"https:\/\/www.coaching-scheler.de\/wordpress\/\"},{\"@type\":\"ListItem\",\"position\":2,\"name\":\"Business Coaching\"}]}]}<\/script>\n<!-- \/ Yoast SEO plugin. -->","yoast_head_json":{"title":"Business Coaching - Daniela Scheler","description":"Nutzen Sie eine Gr\u00fcndungsberatung! Denn \"sich selbstst\u00e4ndig machen\" ist ein ganz spezieller Karriere\u00fcbergang, der zu Ihrer Selbstverwirklichung beitr\u00e4gt und viele kleine Schritte ben\u00f6tigt.","robots":{"index":"index","follow":"follow","max-snippet":"max-snippet:-1","max-image-preview":"max-image-preview:large","max-video-preview":"max-video-preview:-1"},"canonical":"https:\/\/www.coaching-scheler.de\/wordpress\/business-coaching\/","og_locale":"de_DE","og_type":"article","og_title":"Business Coaching - Daniela Scheler","og_description":"Nutzen Sie eine Gr\u00fcndungsberatung! Denn \"sich selbstst\u00e4ndig machen\" ist ein ganz spezieller Karriere\u00fcbergang, der zu Ihrer Selbstverwirklichung beitr\u00e4gt und viele kleine Schritte ben\u00f6tigt.","og_url":"https:\/\/www.coaching-scheler.de\/wordpress\/business-coaching\/","og_site_name":"Daniela Scheler","article_modified_time":"2022-02-17T17:50:58+00:00","og_image":[{"width":2560,"height":1920,"url":"https:\/\/www.coaching-scheler.de\/wordpress\/wp-content\/uploads\/2022\/01\/IMG_9997-scaled.jpg","type":"image\/jpeg"}],"twitter_card":"summary_large_image","twitter_misc":{"Gesch\u00e4tzte Lesezeit":"2\u00a0Minuten"},"schema":{"@context":"https:\/\/schema.org","@graph":[{"@type":"WebSite","@id":"https:\/\/www.coaching-scheler.de\/wordpress\/#website","url":"https:\/\/www.coaching-scheler.de\/wordpress\/","name":"Daniela Scheler","description":"Business und Personal Coaching","potentialAction":[{"@type":"SearchAction","target":{"@type":"EntryPoint","urlTemplate":"https:\/\/www.coaching-scheler.de\/wordpress\/?s={search_term_string}"},"query-input":"required name=search_term_string"}],"inLanguage":"de"},{"@type":"ImageObject","@id":"https:\/\/www.coaching-scheler.de\/wordpress\/business-coaching\/#primaryimage","inLanguage":"de","url":"https:\/\/www.coaching-scheler.de\/wordpress\/wp-content\/uploads\/2022\/01\/IMG_9997-scaled.jpg","contentUrl":"https:\/\/www.coaching-scheler.de\/wordpress\/wp-content\/uploads\/2022\/01\/IMG_9997-scaled.jpg","width":2560,"height":1920},{"@type":"WebPage","@id":"https:\/\/www.coaching-scheler.de\/wordpress\/business-coaching\/#webpage","url":"https:\/\/www.coaching-scheler.de\/wordpress\/business-coaching\/","name":"Business Coaching - Daniela Scheler","isPartOf":{"@id":"https:\/\/www.coaching-scheler.de\/wordpress\/#website"},"primaryImageOfPage":{"@id":"https:\/\/www.coaching-scheler.de\/wordpress\/business-coaching\/#primaryimage"},"datePublished":"2022-01-19T14:28:25+00:00","dateModified":"2022-02-17T17:50:58+00:00","description":"Nutzen Sie eine Gr\u00fcndungsberatung! Denn \"sich selbstst\u00e4ndig machen\" ist ein ganz spezieller Karriere\u00fcbergang, der zu Ihrer Selbstverwirklichung beitr\u00e4gt und viele kleine Schritte ben\u00f6tigt.","breadcrumb":{"@id":"https:\/\/www.coaching-scheler.de\/wordpress\/business-coaching\/#breadcrumb"},"inLanguage":"de","potentialAction":[{"@type":"ReadAction","target":["https:\/\/www.coaching-scheler.de\/wordpress\/business-coaching\/"]}]},{"@type":"BreadcrumbList","@id":"https:\/\/www.coaching-scheler.de\/wordpress\/business-coaching\/#breadcrumb","itemListElement":[{"@type":"ListItem","position":1,"name":"Startseite","item":"https:\/\/www.coaching-scheler.de\/wordpress\/"},{"@type":"ListItem","position":2,"name":"Business Coaching"}]}]}},"_links":{"self":[{"href":"https:\/\/www.coaching-scheler.de\/wordpress\/wp-json\/wp\/v2\/pages\/34","targetHints":{"allow":["GET"]}}],"collection":[{"href":"https:\/\/www.coaching-scheler.de\/wordpress\/wp-json\/wp\/v2\/pages"}],"about":[{"href":"https:\/\/www.coaching-scheler.de\/wordpress\/wp-json\/wp\/v2\/types\/page"}],"author":[{"embeddable":true,"href":"https:\/\/www.coaching-scheler.de\/wordpress\/wp-json\/wp\/v2\/users\/1"}],"replies":[{"embeddable":true,"href":"https:\/\/www.coaching-scheler.de\/wordpress\/wp-json\/wp\/v2\/comments?post=34"}],"version-history":[{"count":8,"href":"https:\/\/www.coaching-scheler.de\/wordpress\/wp-json\/wp\/v2\/pages\/34\/revisions"}],"predecessor-version":[{"id":134,"href":"https:\/\/www.coaching-scheler.de\/wordpress\/wp-json\/wp\/v2\/pages\/34\/revisions\/134"}],"wp:featuredmedia":[{"embeddable":true,"href":"https:\/\/www.coaching-scheler.de\/wordpress\/wp-json\/wp\/v2\/media\/35"}],"wp:attachment":[{"href":"https:\/\/www.coaching-scheler.de\/wordpress\/wp-json\/wp\/v2\/media?parent=34"}],"curies":[{"name":"wp","href":"https:\/\/api.w.org\/{rel}","templated":true}]}}