{"id":47,"date":"2022-01-26T14:57:50","date_gmt":"2022-01-26T13:57:50","guid":{"rendered":"https:\/\/www.coaching-scheler.de\/wordpress\/?page_id=47"},"modified":"2022-02-17T18:57:29","modified_gmt":"2022-02-17T17:57:29","slug":"taetigkeitsprofil","status":"publish","type":"page","link":"https:\/\/www.coaching-scheler.de\/wordpress\/taetigkeitsprofil\/","title":{"rendered":"T\u00e4tigkeitsprofil"},"content":{"rendered":"\n<p class=\"has-medium-font-size\">In meiner unternehmensberaterischen T\u00e4tigkeit ist es mir wichtig, dass Sie eine individuelle Betreuung erhalten, die Ihren Fragen sowie M\u00f6glichkeiten gerecht wird. Ich gehe auf Menschen offen zu, respektiere und interessiere mich f\u00fcr ihre Ziele, W\u00fcnsche und Ideen.<\/p>\n\n\n\n<p class=\"has-medium-font-size\">Mein Wissen baut auf jahrelange Berufserfahrungen im Vertrieb, Marketing sowie in der Unternehmensberatung auf. Berufsbegleitend qualifizierte ich mich in einem Fernstudiengang zum <em>Start Up Counsellor<\/em> (Existenzgr\u00fcndungsberaterin). <\/p>\n\n\n\n<p class=\"has-medium-font-size\">2009 ging ich selbst in die Selbstst\u00e4ndigkeit: zun\u00e4chst als Business Coach und dann mit einer Naturkosmetik-Manufaktur sowie einem Coworking Space.<\/p>\n\n\n\n<blockquote class=\"wp-block-quote is-layout-flow wp-block-quote-is-layout-flow\"><p>Eine Gr\u00fcndung ist nicht nur ein betriebswirtschaftlicher Prozess, sondern auch eine Pers\u00f6nlichkeitsentwicklung.<\/p><\/blockquote>\n\n\n\n<p class=\"has-medium-font-size\">In meiner Zeit als Gr\u00fcndungsberaterin fehlte mir der Blick auf die Pers\u00f6nlichkeit des\/r Gr\u00fcnders\/in. Nat\u00fcrlich gab es damals schon die Frage nach der Gr\u00fcnderpers\u00f6nlichkeit &#8211; das umfasst allerdings nicht die Komplexit\u00e4t des Menschen, der sich auf den Weg in die Selbstst\u00e4ndigkeit begibt. So absolvierte ich die Ausbildung zum Personal Coach\/ Psychologische Beraterin und Aufstellerin. Damit komme ich zu tieferliegenden Dynamiken, die sich innerhalb der Prozessbegleitung zeigen und zum Erfolg oder Scheitern einer Gr\u00fcndung beitragen.<\/p>\n\n\n\n<p class=\"has-medium-font-size\">Ich helfe Ihnen gern, Ihre Ideen aus verschiedenen Perspektiven zu betrachten und diese im Einklang mit Ihrem Wertesystem umzusetzen!<\/p>\n","protected":false},"excerpt":{"rendered":"<p>In meiner unternehmensberaterischen T\u00e4tigkeit ist es mir wichtig, dass Sie eine individuelle Betreuung erhalten, die Ihren Fragen sowie M\u00f6glichkeiten gerecht wird. Ich gehe auf Menschen offen zu, respektiere und interessiere mich f\u00fcr ihre Ziele, W\u00fcnsche und Ideen. Mein Wissen baut auf jahrelange Berufserfahrungen im Vertrieb, Marketing sowie in der Unternehmensberatung auf. Berufsbegleitend qualifizierte ich mich <a class=\"read-more\" href=\"https:\/\/www.coaching-scheler.de\/wordpress\/taetigkeitsprofil\/\">READ MORE<\/a><\/p>\n","protected":false},"author":1,"featured_media":54,"parent":0,"menu_order":0,"comment_status":"closed","ping_status":"closed","template":"","meta":{"footnotes":""},"class_list":["post-47","page","type-page","status-publish","has-post-thumbnail","hentry"],"yoast_head":"<!-- This site is optimized with the Yoast SEO plugin v18.1 - https:\/\/yoast.com\/wordpress\/plugins\/seo\/ -->\n<title>T\u00e4tigkeitsprofil - Daniela Scheler<\/title>\n<meta name=\"robots\" content=\"index, follow, max-snippet:-1, max-image-preview:large, max-video-preview:-1\" \/>\n<link rel=\"canonical\" href=\"https:\/\/www.coaching-scheler.de\/wordpress\/taetigkeitsprofil\/\" \/>\n<meta property=\"og:locale\" content=\"de_DE\" \/>\n<meta property=\"og:type\" content=\"article\" \/>\n<meta property=\"og:title\" content=\"T\u00e4tigkeitsprofil - Daniela Scheler\" \/>\n<meta property=\"og:description\" content=\"In meiner unternehmensberaterischen T\u00e4tigkeit ist es mir wichtig, dass Sie eine individuelle Betreuung erhalten, die Ihren Fragen sowie M\u00f6glichkeiten gerecht wird. Ich gehe auf Menschen offen zu, respektiere und interessiere mich f\u00fcr ihre Ziele, W\u00fcnsche und Ideen. Mein Wissen baut auf jahrelange Berufserfahrungen im Vertrieb, Marketing sowie in der Unternehmensberatung auf. Berufsbegleitend qualifizierte ich mich READ MORE\" \/>\n<meta property=\"og:url\" content=\"https:\/\/www.coaching-scheler.de\/wordpress\/taetigkeitsprofil\/\" \/>\n<meta property=\"og:site_name\" content=\"Daniela Scheler\" \/>\n<meta property=\"article:modified_time\" content=\"2022-02-17T17:57:29+00:00\" \/>\n<meta property=\"og:image\" content=\"https:\/\/www.coaching-scheler.de\/wordpress\/wp-content\/uploads\/2022\/01\/bg_tra.jpg\" \/>\n\t<meta property=\"og:image:width\" content=\"800\" \/>\n\t<meta property=\"og:image:height\" content=\"500\" \/>\n\t<meta property=\"og:image:type\" content=\"image\/jpeg\" \/>\n<meta name=\"twitter:card\" content=\"summary_large_image\" \/>\n<meta name=\"twitter:label1\" content=\"Gesch\u00e4tzte Lesezeit\" \/>\n\t<meta name=\"twitter:data1\" content=\"2\u00a0Minuten\" \/>\n<script type=\"application\/ld+json\" class=\"yoast-schema-graph\">{\"@context\":\"https:\/\/schema.org\",\"@graph\":[{\"@type\":\"WebSite\",\"@id\":\"https:\/\/www.coaching-scheler.de\/wordpress\/#website\",\"url\":\"https:\/\/www.coaching-scheler.de\/wordpress\/\",\"name\":\"Daniela Scheler\",\"description\":\"Business und Personal Coaching\",\"potentialAction\":[{\"@type\":\"SearchAction\",\"target\":{\"@type\":\"EntryPoint\",\"urlTemplate\":\"https:\/\/www.coaching-scheler.de\/wordpress\/?s={search_term_string}\"},\"query-input\":\"required name=search_term_string\"}],\"inLanguage\":\"de\"},{\"@type\":\"ImageObject\",\"@id\":\"https:\/\/www.coaching-scheler.de\/wordpress\/taetigkeitsprofil\/#primaryimage\",\"inLanguage\":\"de\",\"url\":\"https:\/\/www.coaching-scheler.de\/wordpress\/wp-content\/uploads\/2022\/01\/bg_tra.jpg\",\"contentUrl\":\"https:\/\/www.coaching-scheler.de\/wordpress\/wp-content\/uploads\/2022\/01\/bg_tra.jpg\",\"width\":800,\"height\":500},{\"@type\":\"WebPage\",\"@id\":\"https:\/\/www.coaching-scheler.de\/wordpress\/taetigkeitsprofil\/#webpage\",\"url\":\"https:\/\/www.coaching-scheler.de\/wordpress\/taetigkeitsprofil\/\",\"name\":\"T\u00e4tigkeitsprofil - Daniela Scheler\",\"isPartOf\":{\"@id\":\"https:\/\/www.coaching-scheler.de\/wordpress\/#website\"},\"primaryImageOfPage\":{\"@id\":\"https:\/\/www.coaching-scheler.de\/wordpress\/taetigkeitsprofil\/#primaryimage\"},\"datePublished\":\"2022-01-26T13:57:50+00:00\",\"dateModified\":\"2022-02-17T17:57:29+00:00\",\"breadcrumb\":{\"@id\":\"https:\/\/www.coaching-scheler.de\/wordpress\/taetigkeitsprofil\/#breadcrumb\"},\"inLanguage\":\"de\",\"potentialAction\":[{\"@type\":\"ReadAction\",\"target\":[\"https:\/\/www.coaching-scheler.de\/wordpress\/taetigkeitsprofil\/\"]}]},{\"@type\":\"BreadcrumbList\",\"@id\":\"https:\/\/www.coaching-scheler.de\/wordpress\/taetigkeitsprofil\/#breadcrumb\",\"itemListElement\":[{\"@type\":\"ListItem\",\"position\":1,\"name\":\"Startseite\",\"item\":\"https:\/\/www.coaching-scheler.de\/wordpress\/\"},{\"@type\":\"ListItem\",\"position\":2,\"name\":\"T\u00e4tigkeitsprofil\"}]}]}<\/script>\n<!-- \/ Yoast SEO plugin. -->","yoast_head_json":{"title":"T\u00e4tigkeitsprofil - Daniela Scheler","robots":{"index":"index","follow":"follow","max-snippet":"max-snippet:-1","max-image-preview":"max-image-preview:large","max-video-preview":"max-video-preview:-1"},"canonical":"https:\/\/www.coaching-scheler.de\/wordpress\/taetigkeitsprofil\/","og_locale":"de_DE","og_type":"article","og_title":"T\u00e4tigkeitsprofil - Daniela Scheler","og_description":"In meiner unternehmensberaterischen T\u00e4tigkeit ist es mir wichtig, dass Sie eine individuelle Betreuung erhalten, die Ihren Fragen sowie M\u00f6glichkeiten gerecht wird. Ich gehe auf Menschen offen zu, respektiere und interessiere mich f\u00fcr ihre Ziele, W\u00fcnsche und Ideen. Mein Wissen baut auf jahrelange Berufserfahrungen im Vertrieb, Marketing sowie in der Unternehmensberatung auf. Berufsbegleitend qualifizierte ich mich READ MORE","og_url":"https:\/\/www.coaching-scheler.de\/wordpress\/taetigkeitsprofil\/","og_site_name":"Daniela Scheler","article_modified_time":"2022-02-17T17:57:29+00:00","og_image":[{"width":800,"height":500,"url":"https:\/\/www.coaching-scheler.de\/wordpress\/wp-content\/uploads\/2022\/01\/bg_tra.jpg","type":"image\/jpeg"}],"twitter_card":"summary_large_image","twitter_misc":{"Gesch\u00e4tzte Lesezeit":"2\u00a0Minuten"},"schema":{"@context":"https:\/\/schema.org","@graph":[{"@type":"WebSite","@id":"https:\/\/www.coaching-scheler.de\/wordpress\/#website","url":"https:\/\/www.coaching-scheler.de\/wordpress\/","name":"Daniela Scheler","description":"Business und Personal Coaching","potentialAction":[{"@type":"SearchAction","target":{"@type":"EntryPoint","urlTemplate":"https:\/\/www.coaching-scheler.de\/wordpress\/?s={search_term_string}"},"query-input":"required name=search_term_string"}],"inLanguage":"de"},{"@type":"ImageObject","@id":"https:\/\/www.coaching-scheler.de\/wordpress\/taetigkeitsprofil\/#primaryimage","inLanguage":"de","url":"https:\/\/www.coaching-scheler.de\/wordpress\/wp-content\/uploads\/2022\/01\/bg_tra.jpg","contentUrl":"https:\/\/www.coaching-scheler.de\/wordpress\/wp-content\/uploads\/2022\/01\/bg_tra.jpg","width":800,"height":500},{"@type":"WebPage","@id":"https:\/\/www.coaching-scheler.de\/wordpress\/taetigkeitsprofil\/#webpage","url":"https:\/\/www.coaching-scheler.de\/wordpress\/taetigkeitsprofil\/","name":"T\u00e4tigkeitsprofil - Daniela Scheler","isPartOf":{"@id":"https:\/\/www.coaching-scheler.de\/wordpress\/#website"},"primaryImageOfPage":{"@id":"https:\/\/www.coaching-scheler.de\/wordpress\/taetigkeitsprofil\/#primaryimage"},"datePublished":"2022-01-26T13:57:50+00:00","dateModified":"2022-02-17T17:57:29+00:00","breadcrumb":{"@id":"https:\/\/www.coaching-scheler.de\/wordpress\/taetigkeitsprofil\/#breadcrumb"},"inLanguage":"de","potentialAction":[{"@type":"ReadAction","target":["https:\/\/www.coaching-scheler.de\/wordpress\/taetigkeitsprofil\/"]}]},{"@type":"BreadcrumbList","@id":"https:\/\/www.coaching-scheler.de\/wordpress\/taetigkeitsprofil\/#breadcrumb","itemListElement":[{"@type":"ListItem","position":1,"name":"Startseite","item":"https:\/\/www.coaching-scheler.de\/wordpress\/"},{"@type":"ListItem","position":2,"name":"T\u00e4tigkeitsprofil"}]}]}},"_links":{"self":[{"href":"https:\/\/www.coaching-scheler.de\/wordpress\/wp-json\/wp\/v2\/pages\/47","targetHints":{"allow":["GET"]}}],"collection":[{"href":"https:\/\/www.coaching-scheler.de\/wordpress\/wp-json\/wp\/v2\/pages"}],"about":[{"href":"https:\/\/www.coaching-scheler.de\/wordpress\/wp-json\/wp\/v2\/types\/page"}],"author":[{"embeddable":true,"href":"https:\/\/www.coaching-scheler.de\/wordpress\/wp-json\/wp\/v2\/users\/1"}],"replies":[{"embeddable":true,"href":"https:\/\/www.coaching-scheler.de\/wordpress\/wp-json\/wp\/v2\/comments?post=47"}],"version-history":[{"count":3,"href":"https:\/\/www.coaching-scheler.de\/wordpress\/wp-json\/wp\/v2\/pages\/47\/revisions"}],"predecessor-version":[{"id":137,"href":"https:\/\/www.coaching-scheler.de\/wordpress\/wp-json\/wp\/v2\/pages\/47\/revisions\/137"}],"wp:featuredmedia":[{"embeddable":true,"href":"https:\/\/www.coaching-scheler.de\/wordpress\/wp-json\/wp\/v2\/media\/54"}],"wp:attachment":[{"href":"https:\/\/www.coaching-scheler.de\/wordpress\/wp-json\/wp\/v2\/media?parent=47"}],"curies":[{"name":"wp","href":"https:\/\/api.w.org\/{rel}","templated":true}]}}